 the highest common divisor of 224 and 14?
14
What is the highest common factor of 97 and 39576?
97
Calculate the greatest common factor of 2775 and 444.
111
What is the highest common divisor of 294 and 63?
21
Calculate the greatest common divisor of 30 and 50.
10
What is the greatest common factor of 80 and 16?
16
Calculate the greatest common factor of 7 and 3563.
7
What is the highest common factor of 164 and 738?
82
Calculate the highest common factor of 70 and 95.
5
What is the highest common divisor of 1176 and 15141?
147
What is the highest common factor of 32 and 5136?
16
Calculate the highest common divisor of 75 and 27.
3
What is the greatest common divisor of 3 and 3873?
3
Calculate the greatest common divisor of 237 and 9.
3
What is the highest common divisor of 189 and 36?
9
Calculate the highest common divisor of 80 and 50.
10
What is the greatest common divisor of 29436 and 264?
132
Calculate the greatest common factor of 48 and 18.
6
Calculate the greatest common divisor of 58 and 290.
58
What is the greatest common divisor of 135 and 27?
27
Calculate the greatest common divisor of 112 and 196.
28
Calculate the greatest common divisor of 12461 and 34.
17
What is the greatest common divisor of 22905 and 10?
5
Calculate the highest common factor of 34434 and 18.
18
Calculate the greatest common factor of 305 and 2379.
61
What is the highest common divisor of 24886 and 92?
46
Calculate the greatest common factor of 91 and 1183.
91
Calculate the highest common factor of 415 and 1411.
83
Calculate the greatest common factor of 42 and 186.
6
Calculate the highest common factor of 6 and 548.
2
Calculate the highest common factor of 36 and 5.
1
Calculate the greatest common factor of 91 and 455.
91
What is the greatest common divisor of 1104 and 414?
138
What is the highest common divisor of 216 and 945?
27
What is the greatest common factor of 6 and 3420?
6
What is the greatest common divisor of 15 and 75?
15
Calculate the highest common divisor of 61 and 1647.
61
What is the greatest common divisor of 48 and 18?
6
Calculate the greatest common divisor of 1219 and 5671.
53
Calculate the highest common factor of 2849 and 231.
77
Calculate the greatest common divisor of 40 and 460.
20
Calculate the highest common factor of 1843 and 291.
97
Calculate the greatest common divisor of 16 and 64.
16
Calculate the greatest common divisor of 1454 and 6.
2
Calculate the highest common divisor of 64 and 608.
32
What is the highest common factor of 266 and 14?
14
What is the greatest common factor of 64 and 3392?
64
Calculate the greatest common divisor of 11 and 1969.
11
What is the greatest common divisor of 105 and 175?
35
Calculate the greatest common factor of 1431 and 53.
53
Calculate the greatest common factor of 84 and 396.
12
Calculate the highest common divisor of 465 and 837.
93
Calculate the highest common factor of 54 and 4896.
18
Calculate the greatest common factor of 55 and 10285.
55
What is the highest common factor of 90 and 8586?
18
Calculate the highest common divisor of 155 and 217.
31
What is the highest common divisor of 1729 and 133?
133
What is the highest common divisor of 598 and 78?
26
What is the highest common factor of 43 and 19?
1
Calculate the highest common divisor of 6696 and 1302.
186
Calculate the greatest common factor of 63 and 8127.
63
What is the greatest common divisor of 18 and 8757?
9
Calculate the highest common divisor of 98 and 2520.
14
Calculate the greatest common divisor of 12127 and 67.
67
What is the greatest common factor of 21 and 1029?
21
What is the greatest common factor of 2550 and 34?
34
What is the greatest common factor of 820 and 40?
20
Calculate the greatest common factor of 2382 and 9.
3
Calculate the greatest common factor of 290 and 116.
58
Calculate the highest common divisor of 9 and 1035.
9
What is the greatest common factor of 286 and 3276?
26
Calculate the greatest common factor of 462 and 726.
66
Calculate the greatest common factor of 240 and 180.
60
Calculate the greatest common factor of 2814 and 42.
42
What is the highest common factor of 182 and 70?
14
Calculate the greatest common divisor of 11310 and 650.
130
What is the highest common divisor of 33 and 1936?
11
Calculate the greatest common factor of 1937 and 65.
13
Calculate the highest common divisor of 92 and 4.
4
What is the greatest common factor of 282 and 376?
94
Calculate the greatest common divisor of 308 and 56.
28
Calculate the highest common divisor of 897 and 69.
69
What is the highest common factor of 9360 and 80?
80
What is the greatest common divisor of 13264 and 16?
16
Calculate the greatest common factor of 738 and 18.
18
Calculate the highest common divisor of 462 and 1716.
66
Calculate the greatest common factor of 115 and 9085.
115
Calculate the greatest common divisor of 40 and 64.
8
Calculate the greatest common factor of 35075 and 25.
25
What is the highest common factor of 95 and 23902?
19
What is the greatest common divisor of 2982 and 126?
42
What is the highest common divisor of 512 and 768?
256
Calculate the highest common divisor of 450 and 36.
18
Calculate the highest common divisor of 6 and 384.
6
What is the greatest common factor of 13158 and 18?
18
What is the greatest common factor of 12 and 4236?
12
Calculate the highest common factor of 214 and 42479.
107
Calculate the greatest common factor of 26 and 2.
2
What is the greatest common divisor of 1617 and 66?
33
Calculate the highest common divisor of 20894 and 124.
62
Calculate the greatest common divisor of 851 and 23.
23
What is the highest common factor of 112 and 14?
14
What is the greatest common divisor of 714 and 30?
6
Calculate the highest common divisor of 245 and 10.
5
What is the greatest common divisor of 98 and 658?
14
What is the highest common factor of 17427 and 888?
111
Calculate the greatest common divisor of 123 and 3.
3
Calculate the highest common factor of 128 and 96.
32
Calculate the highest common factor of 875 and 35.
35
What is the greatest common factor of 474 and 24?
6
What is the greatest common divisor of 2562 and 462?
42
Calculate the greatest common factor of 17 and 476.
17
What is the highest common factor of 989 and 23?
23
What is the greatest common factor of 144 and 72?
72
What is the greatest common factor of 26 and 1534?
26
Calculate the greatest common factor of 126 and 14.
14
Calculate the highest common divisor of 800 and 580.
20
What is the greatest common divisor of 903 and 147?
21
Calculate the highest common divisor of 2870 and 42.
14
What is the highest common factor of 378 and 162?
54
What is the greatest common divisor of 1140 and 75?
15
Calculate the greatest common factor of 81 and 18.
9
Calculate the highest common factor of 669 and 15.
3
Calculate the highest common divisor of 195 and 715.
65
Calculate the highest common divisor of 5675 and 50.
25
What is the highest common factor of 32 and 9952?
32
Calculate the highest common divisor of 77 and 66.
11
What is the highest common divisor of 3074 and 174?
58
Calculate the highest common factor of 3699 and 432.
27
What is the highest common divisor of 437 and 23?
23
Calculate the highest common divisor of 844 and 4853.
211
What is the greatest common factor of 492 and 41?
41
Calculate the highest common divisor of 5 and 258.
1
Calculate the greatest common divisor of 648 and 81.
81
Calculate the highest common factor of 48 and 14736.
48
Calculate the highest common divisor of 3053 and 43.
43
What is the greatest common divisor of 23 and 943?
23
Calculate the greatest common factor of 9 and 72.
9
Calculate the greatest common factor of 15 and 520.
5
What is the highest common factor of 280 and 2744?
56
Calculate the highest common factor of 552 and 1242.
138
Calculate the highest common divisor of 75 and 1200.
75
What is the greatest common divisor of 8 and 8?
8
What is the greatest common factor of 77 and 889?
7
What is the greatest common divisor of 1397 and 198?
11
What is the greatest common factor of 45 and 2805?
15
Calculate the highest common factor of 29 and 2059.
29
Calculate the greatest common factor of 40 and 72.
8
What is the highest common divisor of 39 and 29?
1
What is the greatest common divisor of 78 and 2210?
2